{"id":2,"date":"2017-03-16T12:49:16","date_gmt":"2017-03-16T12:49:16","guid":{"rendered":"http:\/\/larosadelazafran.org\/web\/?page_id=2"},"modified":"2017-04-07T10:05:19","modified_gmt":"2017-04-07T10:05:19","slug":"pagina-ejemplo","status":"publish","type":"page","link":"https:\/\/larosadelazafran.org\/web\/","title":{"rendered":"Inicio"},"content":{"rendered":"<p>[et_pb_section bb_built=\u00bb1&#8243; admin_label=\u00bbSecci\u00f3n\u00bb background_color=\u00bb#32ffff\u00bb fullwidth=\u00bbon\u00bb][et_pb_fullwidth_slider admin_label=\u00bbControl deslizante de anchura completa\u00bb show_arrows=\u00bbon\u00bb show_pagination=\u00bbon\u00bb auto=\u00bboff\u00bb auto_ignore_hover=\u00bboff\u00bb parallax=\u00bboff\u00bb parallax_method=\u00bboff\u00bb remove_inner_shadow=\u00bboff\u00bb background_position=\u00bbdefault\u00bb background_size=\u00bbdefault\u00bb hide_content_on_mobile=\u00bboff\u00bb hide_cta_on_mobile=\u00bboff\u00bb show_image_video_mobile=\u00bboff\u00bb custom_button=\u00bbon\u00bb button_text_color=\u00bb#ffffff\u00bb button_bg_color=\u00bbrgba(160,160,160,0.76)\u00bb button_border_radius=\u00bb8&#8243; button_letter_spacing=\u00bb0&#8243; button_use_icon=\u00bboff\u00bb button_icon_placement=\u00bbright\u00bb button_on_hover=\u00bboff\u00bb button_text_color_hover=\u00bb#ffffff\u00bb button_bg_color_hover=\u00bbrgba(224,43,32,0.7)\u00bb button_border_color_hover=\u00bb#ffffff\u00bb button_border_radius_hover=\u00bb2&#8243; button_letter_spacing_hover=\u00bb2&#8243; button_text_size=\u00bb22&#8243; button_border_width=\u00bb0&#8243;]<\/p>\n<p>[et_pb_slide background_image=\u00bbhttp:\/\/larosadelazafran.org\/web\/wp-content\/uploads\/2017\/03\/1489059215_854681_1489059959_noticia_normal.jpg\u00bb use_bg_overlay=\u00bboff\u00bb use_text_overlay=\u00bboff\u00bb arrows_custom_color=\u00bb#2bffdb\u00bb dot_nav_custom_color=\u00bb#2bffdb\u00bb header_font=\u00bb||||\u00bb body_font=\u00bb||||\u00bb custom_button=\u00bboff\u00bb button_icon_placement=\u00bbright\u00bb button_on_hover=\u00bbon\u00bb button_text=\u00bbClick aqu\u00ed\u00bb button_link=\u00bbhttps:\/\/www.facebook.com\/PenaBarcelonistaLaRosaDelAzafran\/\u00bb background_position=\u00bbdefault\u00bb background_size=\u00bbdefault\u00bb background_color=\u00bb#ffffff\u00bb alignment=\u00bbcenter\u00bb background_layout=\u00bbdark\u00bb allow_player_pause=\u00bboff\u00bb text_border_radius=\u00bb3&#8243; header_font_select=\u00bbdefault\u00bb body_font_select=\u00bbdefault\u00bb button_text_color=\u00bb#0c71c3&#8243; button_bg_color=\u00bb#e02b20&#8243; button_border_radius=\u00bb48&#8243; button_font_select=\u00bbdefault\u00bb button_font=\u00bb||||\u00bb button_use_icon=\u00bbon\u00bb button_icon=\u00bb%%314%%\u00bb button_icon_color=\u00bb#0c71c3&#8243; button_text_size=\u00bb1&#8243; button_text_size_tablet=\u00bb1&#8243; button_text_size_phone=\u00bb1&#8243;]<\/p>\n<div class=\"_2phz _4-u2 _4-u8\"><\/div>\n<div class=\"_3-8y\">\n<div class=\"_2wm9\">\n<h1 style=\"font-size: 60px;\">Pe\u00f1a Barcelonista<\/h1>\n<h1 style=\"padding-left: 40px;\">La Rosa del Azafr\u00e1n<\/h1>\n<h1 style=\"padding-left: 40px;\">visite nuestro facebook<\/h1>\n<\/div>\n<\/div>\n<p>[\/et_pb_slide]<\/p>\n<p>[\/et_pb_fullwidth_slider][\/et_pb_section][et_pb_section bb_built=\u00bb1&#8243; admin_label=\u00bbSecci\u00f3n\u00bb background_color=\u00bb#353535&#8243; custom_padding=\u00bb0px||0px|\u00bb][et_pb_row admin_label=\u00bbFila\u00bb make_fullwidth=\u00bbon\u00bb custom_padding=\u00bb-200px||-100px|\u00bb parallax_method_1=\u00bboff\u00bb][et_pb_column type=\u00bb4_4&#8243;][\/et_pb_column][\/et_pb_row][\/et_pb_section][et_pb_section bb_built=\u00bb1&#8243; admin_label=\u00bbSecci\u00f3n\u00bb][et_pb_row admin_label=\u00bbFila\u00bb][et_pb_column type=\u00bb4_4&#8243;][et_pb_text admin_label=\u00bbTexto\u00bb]<\/p>\n<h1>Opciones<\/h1>\n<div style=\"margin-top: 15px; margin-bottom: 25px; height: 2px;\"><span class=\"uvc-headings-line\" style=\"border-style: solid; border-bottom-width: 2px; border-color: #009fdf; width: 50px; float: left;\"><\/span><\/div>\n<p>[\/et_pb_text][\/et_pb_column][\/et_pb_row][et_pb_row admin_label=\u00bbFila\u00bb][et_pb_column type=\u00bb1_3&#8243;][et_pb_blurb admin_label=\u00bbAnuncio\u00bb url=\u00bbhttp:\/\/larosadelazafran.org\/web\/imagenes\u00bb use_icon=\u00bbon\u00bb font_icon=\u00bb%%100%%\u00bb icon_color=\u00bb#ff3030&#8243; use_circle=\u00bbon\u00bb circle_color=\u00bb#000000&#8243; use_circle_border=\u00bbon\u00bb circle_border_color=\u00bb#ff3030&#8243; text_orientation=\u00bbcenter\u00bb use_icon_font_size=\u00bbon\u00bb icon_font_size_last_edited=\u00bbon|phone\u00bb icon_font_size=\u00bb80px\u00bb icon_font_size_tablet=\u00bb60px\u00bb icon_font_size_phone=\u00bb50px\u00bb url_new_window=\u00bboff\u00bb icon_placement=\u00bbtop\u00bb animation=\u00bbtop\u00bb background_layout=\u00bblight\u00bb use_border_color=\u00bboff\u00bb border_color=\u00bb#ffffff\u00bb border_style=\u00bbsolid\u00bb]<\/p>\n<h2 align=\"center\">Im\u00e1genes<\/h2>\n<div style=\"margin-top: 15px; margin-bottom: 25px; height: 2px;\"><span class=\"uvc-headings-line\" style=\"border-style: solid; border-bottom-width: 2px; border-color: #009fdf; width: 60px; float: left; margin-left:38%; \"><\/span><\/div>\n<p>[\/et_pb_blurb][\/et_pb_column][et_pb_column type=\u00bb1_3&#8243;][et_pb_blurb admin_label=\u00bbAnuncio\u00bb url=\u00bbhttp:\/\/larosadelazafran.org\/web\/videos\u00bb use_icon=\u00bbon\u00bb font_icon=\u00bb%%129%%\u00bb icon_color=\u00bb#ff3030&#8243; use_circle=\u00bbon\u00bb circle_color=\u00bb#000000&#8243; use_circle_border=\u00bbon\u00bb circle_border_color=\u00bb#f92f2f\u00bb text_orientation=\u00bbcenter\u00bb use_icon_font_size=\u00bbon\u00bb icon_font_size_last_edited=\u00bbon|phone\u00bb icon_font_size=\u00bb80px\u00bb icon_font_size_tablet=\u00bb60px\u00bb icon_font_size_phone=\u00bb50px\u00bb url_new_window=\u00bboff\u00bb icon_placement=\u00bbtop\u00bb animation=\u00bbtop\u00bb background_layout=\u00bblight\u00bb use_border_color=\u00bboff\u00bb border_color=\u00bb#ffffff\u00bb border_style=\u00bbsolid\u00bb]<\/p>\n<h2 align=\"center\">V\u00eddeos<\/h2>\n<div style=\"margin-top: 15px; margin-bottom: 25px; height: 2px;\"><span class=\"uvc-headings-line\" style=\"border-style: solid; border-bottom-width: 2px; border-color: #009fdf; width: 60px; float: left; margin-left:38%; \"><\/span><\/div>\n<p>[\/et_pb_blurb][\/et_pb_column][et_pb_column type=\u00bb1_3&#8243;][et_pb_blurb admin_label=\u00bbimagenes\u00bb url=\u00bbhttp:\/\/larosadelazafran.org\/web\/enlaces-a-otras-paginas\/\u00bb use_icon=\u00bbon\u00bb font_icon=\u00bb%%137%%\u00bb icon_color=\u00bb#ff0000&#8243; use_circle=\u00bbon\u00bb circle_color=\u00bb#000000&#8243; use_circle_border=\u00bbon\u00bb circle_border_color=\u00bb#ff0000&#8243; text_orientation=\u00bbcenter\u00bb use_icon_font_size=\u00bbon\u00bb icon_font_size_last_edited=\u00bbon|phone\u00bb icon_font_size=\u00bb80px\u00bb icon_font_size_tablet=\u00bb60px\u00bb icon_font_size_phone=\u00bb50px\u00bb url_new_window=\u00bboff\u00bb icon_placement=\u00bbtop\u00bb animation=\u00bbtop\u00bb background_layout=\u00bblight\u00bb use_border_color=\u00bboff\u00bb border_color=\u00bb#ffffff\u00bb border_style=\u00bbsolid\u00bb]<\/p>\n<h2 align=\"center\">Enlaces<\/h2>\n<div style=\"margin-top: 15px; margin-bottom: 25px; height: 2px;\"><span class=\"uvc-headings-line\" style=\"border-style: solid; border-bottom-width: 2px; border-color: #009fdf; width: 60px; float: left; margin-left:38%; \"><\/span><\/div>\n<p>[\/et_pb_blurb][\/et_pb_column][\/et_pb_row][\/et_pb_section][et_pb_section bb_built=\u00bb1&#8243; admin_label=\u00bbSecci\u00f3n\u00bb background_image=\u00bbhttp:\/\/larosadelazafran.org\/web\/wp-content\/uploads\/2017\/03\/cropped-header-fcbarcelona.jpg\u00bb custom_padding=\u00bb40px||50px|\u00bb][et_pb_row admin_label=\u00bbFila\u00bb custom_padding=\u00bb33.5938px|0px|93px|0px\u00bb][et_pb_column type=\u00bb1_2&#8243;][et_pb_text admin_label=\u00bbTexto\u00bb \/][\/et_pb_column][et_pb_column type=\u00bb1_2&#8243;][\/et_pb_column][\/et_pb_row][\/et_pb_section]<\/p>\n","protected":false},"excerpt":{"rendered":"<p>Pe\u00f1a Barcelonista La Rosa del Azafr\u00e1n visite nuestro facebook Opciones Im\u00e1genes V\u00eddeos Enlaces<\/p>\n","protected":false},"author":2,"featured_media":0,"parent":0,"menu_order":0,"comment_status":"closed","ping_status":"open","template":"","meta":{"_et_pb_use_builder":"on","_et_pb_old_content":"","_et_gb_content_width":"","footnotes":""},"class_list":["post-2","page","type-page","status-publish","hentry"],"_links":{"self":[{"href":"https:\/\/larosadelazafran.org\/web\/wp-json\/wp\/v2\/pages\/2","targetHints":{"allow":["GET"]}}],"collection":[{"href":"https:\/\/larosadelazafran.org\/web\/wp-json\/wp\/v2\/pages"}],"about":[{"href":"https:\/\/larosadelazafran.org\/web\/wp-json\/wp\/v2\/types\/page"}],"author":[{"embeddable":true,"href":"https:\/\/larosadelazafran.org\/web\/wp-json\/wp\/v2\/users\/2"}],"replies":[{"embeddable":true,"href":"https:\/\/larosadelazafran.org\/web\/wp-json\/wp\/v2\/comments?post=2"}],"version-history":[{"count":20,"href":"https:\/\/larosadelazafran.org\/web\/wp-json\/wp\/v2\/pages\/2\/revisions"}],"predecessor-version":[{"id":849,"href":"https:\/\/larosadelazafran.org\/web\/wp-json\/wp\/v2\/pages\/2\/revisions\/849"}],"wp:attachment":[{"href":"https:\/\/larosadelazafran.org\/web\/wp-json\/wp\/v2\/media?parent=2"}],"curies":[{"name":"wp","href":"https:\/\/api.w.org\/{rel}","templated":true}]}}